et u(v) = -6*b(v) + 11*w(v). Determine u(-6).
1
Suppose 4 + 20 = -3*k. Let y(b) be the second derivative of -b**4/12 - 3*b**3/2 - 4*b**2 - 3*b - 4. Determine y(k).
0
Let h(u) = -3 + 4*u - 2*u + 3*u. Suppose -4*c + 5 - 29 = 0. Let o(n) = 4*n - 2. Let x(q) = c*o(q) + 5*h(q). Give x(6).
3
Let c(b) be the third derivative of -7*b**5/60 + b**4/8 - b**3/6 - 5*b**2 - 5*b. Give c(2).
-23
Let k(n) = 33796 + 3*n**2 + n - 4*n**2 - 33786. Calculate k(5).
-10
Let f(c) be the second derivative of -c**5/20 + c**4/3 + c**3/2 + 2*c**2 - 2*c. Let d = 89 - 84. What is f(d)?
-6
Let q(f) = -2*f**3 - 13*f**2 + 64*f - f**3 - 1 - 52*f + 4*f**3. Give q(12).
-1
Let b = -50 - -62. Suppose -45 = -b*n - 9. Let c(v) = v**2 - 3. Calculate c(n).
6
Let i(r) = r**3 + 8*r**2 - r - 1. Let f(n) = 7*n + 69. Let v be f(-11). Give i(v).
7
Let r(t) = 10*t**2 - 2*t - 1. Let k(l) = 2*l**2 - 11*l + 1. Let w be k(6). Suppose 3*q + w = 4. Calculate r(q).
11
Let i(v) = -5 - 4*v**2 + 0 + 2*v - 6*v + 3*v**2. Let t = 0 + 10. Let b = -14 + t. What is i(b)?
-5
Let m(l) = l + 8. Let j(z) = 2*z + 10. Let h be j(-11). Let v be m(h). Let w(s) be the first derivative of -s**3/3 - 5*s**2/2 - 3*s - 34. Calculate w(v).
1
Let z(c) = c**3 - 4*c**2 - 2*c - 3. Let f be (-836)/(-176) + 2/8. What is z(f)?
12
Let k(t) be the second derivative of -3*t**5/20 - t**4/6 + t**3/3 + t**2/2 - 7*t - 3. What is k(-2)?
13
Suppose -5*z + 126 = 36. Let f be 12/z + (-22)/6. Let y(u) = -10*u + 3 + 27*u - 16*u - 1. Give y(f).
-1
Let b(r) = r**3 + 5*r**2 - 5*r - 6. Suppose 9*w = 10*w - t + 1, -2*w - 4*t = 32. Give b(w).
-12
Let a(v) = -2*v + 2. Let q be a(-1). Let g(r) = q - 6 - r + 1 + 0. Let n(s) = s**3 - 3*s**2 - 7*s + 6. Let o be n(4). Determine g(o).
5
Let x(s) = -61*s + 173*s + 2 - 58*s - 61*s. Determine x(-2).
16
Suppose w + 2*w = 6. Let k(x) = 4*x**2 + x**w - 4 - 11*x**2 + 7*x**2. Give k(-3).
5
Let y(u) be the third derivative of u**6/360 + u**5/24 - 3*u**4/8 - 2*u**3/3 + 2*u**2 + 2. Let w(j) be the first derivative of y(j). Determine w(-8).
15
Let v(n) be the third derivative of -n**4/24 - 2*n**3 - 2*n**2. Let l(f) = -f**2 - 20*f + 513. Let g be l(-35). Give v(g).
0
Let z be (-8)/6 + 36/27 + -10. Let t(b) = -b**3 - 9*b**2 + 10*b + 3. Give t(z).
3
Suppose 0 = 3*h - 22 - 2. Let n(s) = s**3 - 9*s**2 + 8*s + 5. Let m be n(h). Let p(b) = -2*b + 5. What is p(m)?
-5
Let r(m) = m**3 + 6*m**2 + m + 1. Suppose 0 = 19*d - 156 + 251. Calculate r(d).
21
Let n(f) = 27127 - 2*f - 27111 - f. Calculate n(8).
-8
Let f(z) = z - 40 + 40. Let h be f(10). Suppose -2*u - 5*i = 3*u - h, -4*u = -5*i - 8. Let s(d) = d - 2. Calculate s(u).
0
Suppose 9*a = 49 + 32. Suppose 4*b - a = u, -3*b + u - 12 = 4*u. Let r(q) = q. Calculate r(b).
1
Let z(t) = -t**2 + 2*t + 5. Let u = -31 + 17. Let v = -11 - u. Let j = v - -1. What is z(j)?
-3
Let f = -3 + 13. Let d(s) = s - 1. Let k(r) = -r**2 + 7*r - 3. Let z(l) = -4*d(l) - k(l). Give z(f).
-3
Let u(i) = -i**2 - 587 + 6*i + 298 - 2*i + 298. Calculate u(5).
4
Let m(c) = 16 - c**3 - 23*c + 8*c**2 + c**2 + 12*c**2 + 29 + 0*c**2. Give m(20).
-15
Let b(f) = 1310*f**2 - 1306*f**2 + 15*f**3 - 4 - 14*f**3. Calculate b(-3).
5
Let n(u) = u + 0*u**3 - 8*u**3 - 7*u**3 + 4 + 2*u**2 + 0*u**2 + 14*u**3. Determine n(3).
-2
Let y(r) = 2*r**2 - 6*r - 4. Let n(c) = c**2 + c + 2. Let h(s) = -n(s) + y(s). Determine h(-4).
38
Let f = 862 - 865. Let q(a) = a**2 - 4*a + 6. Let t be (18/4 + -2)*2. Let s(b) = b**2 - 3*b + 5. Let d(n) = t*s(n) - 4*q(n). Give d(f).
7
Let i(u) = 11*u. Let z = 39 + -22. Let l = 16 - z. Determine i(l).
-11
Let c(b) = 4*b + 11. Let g be c(-4). Let q(a) = -2*a**2 + 6*a + 3. Let j(z) = -3*z**2 + 12*z + 7. Let k(r) = g*q(r) + 3*j(r). Give k(-6).
6
Suppose 20*c - 23*c = -3*o + 12, -c = 1. Let n(v) = -v**3 + 1 + 3*v**2 - v**2 + 3*v**2 - 6*v + 2*v. Give n(o).
7
Let q(m) = 5*m - 34. Let b(x) = 45*x - 305. Let j(u) = -4*b(u) + 35*q(u). Calculate j(5).
5
Let m(w) = -9*w - 3. Let h(v) = 13*v + 4. Let o(z) = 5*h(z) + 7*m(z). Suppose -5*k = -k + 8. Let r be o(k). Let a(j) = 3*j + 3. What is a(r)?
-12
Let j(g) = -g - 6. Let t(c) = 5*c + 25. Let q(u) = -9*j(u) - 2*t(u). Suppose -3*k = 3*i + 6, -3 = 4*i + k + 2*k. Suppose 2*s = 9 + i. What is q(s)?
-2
Let l(z) = 4 - 4 + 4 + z. Let k(d) = -3*d**3 - 9*d**2 - 3*d - 19. Let y be k(-3). What is l(y)?
-6
Let z(x) be the third derivative of -x**4/24 - 3*x**3/2 - 61*x**2 + 16. Let n be -10 + 1 + 4 + -2. Give z(n).
-2
Suppose -2*b = 5*x - 22, -x = 4*b - 37 + 11. Let u(v) = -1 + v + 4*v**2 - b*v - 3*v**2 + 2*v. Give u(4).
3
Let l(x) be the second derivative of -x**3/6 + 2*x**2 + 3*x. Let f(r) = -r + 1. Let n(s) = 2*f(s) - l(s). Suppose z = -3*h + 8, -2*h - 2*h = -8. What is n(z)?
-4
Let q(y) = 4*y**2 + y. Suppose 0 = -2*f - 4*a - 24, -2*f + 5*a - 7 = -1. Let j be 6*-1 - -3 - f. Suppose -j = -6*g + g. Give q(g).
5
Let z(u) = 9 - u**3 + 0*u**2 - 18 - 7*u**2 - 6*u. Give z(-6).
-9
Let i(p) = 4*p - 15 - 3*p - 20 - 27 + 70. Calculate i(-4).
4
Let j(r) = -r**2 - 4*r + 5. Let u be (1/(-2))/(6/(-24)). Suppose -2*z = u + 10. Give j(z).
-7
Let y = -1863 - -1863. Let m(x) = 3*x**3 - x + 6. Let h(f) = -f**3 + f + 1. Let u(p) = -2*h(p) - m(p). Give u(y).
-8
Let o be (2/4)/(7/28). Let s(r) = -1 - r**o - 11*r + 18*r + r. Give s(6).
11
Let t = -199 + 201. Let g(i) = -2*i**3 - i**2 - 2*i + 1. Calculate g(t).
-23
Suppose 2*l - 5 = l. Suppose -5 = -5*d - l*i, 4*d + i + 2*i - 7 = 0. Suppose d*f + 3 = -5. Let c(u) = u**3 + 3*u**2 + 3*u. Calculate c(f).
-2
Let k(i) = i**2 + 2*i - 19. Let v be 9 + 108/(-12) + (-12)/2. Give k(v).
5
Let d(y) = y + 17 + y - 21. Let h(m) = 4 - 6 - m + m**3 + 3*m + 5*m**2. Let v be h(-4). What is d(v)?
8
Suppose -2*y - 4*j = -2, 4*y - 16 = -0*y + 4*j. Let a(p) = y*p - p**2 - 8*p - 2*p. Let x be ((-2)/4)/((-2)/(-20)). Determine a(x).
10
Suppose -3*t + 60 - 72 = 0. Let h(x) = x - 3. Determine h(t).
-7
Let k(h) = -4*h + 4. Let m be 1/(2/(-4)*(-6 + 7)). Let p be (-1*(-1)/(-1) + m)*1. What is k(p)?
16
Let w = -18 - -11. Let n(h) be the third derivative of h**4/24 + 5*h**3/6 - 33*h**2 + 1. Calculate n(w).
-2
Let z be (133/(-228))/(2 - 9/4). Let f(m) be the first derivative of -8 - z*m**3 - 1/4*m**4 - 3*m**2 + 6*m. What is f(-6)?
6
Let c(f) = -f**2 + 24*f + 3. Suppose -4*t = -h + 24, -23*h + 120 = -18*h - 5*t. Give c(h).
3
Suppose 7 = -o - 3*b, 4*o + 5*b + 6 = 4*b. Suppose 4*p - 27 + 15 = 0. Let n(t) = -10 + 9 - t**2 - 2*t - p*t**2 + t. Give n(o).
-4
Suppose 3*u = -2*n - n, 3*u - 9 = 0. Let m(s) = 2*s**2 + s - 3. Let p be m(n). Suppose 0 = -4*b - v - p, -4*v = b - 1 + 4. Let y(q) = -2*q + 3. Determine y(b).
9
Suppose 2*m + 44 = -0*m. Let h = m - -18. Let p(j) = -j. Give p(h).
4
Suppose 100 = 2*p + 3*p. Suppose -22 - p = -6*m. Let y(c) = c**2 - 9*c + 3. What is y(m)?
-11
Suppose -40 = 3*w - 52. Let r(i) = w*i + i**2 + 0*i - i - 1 - 4*i + 7*i**3. What is r(-1)?
-6
Let d(k) = -k**3 + 7*k**2 + 4*k - 9. Let f(v) = -v - 6. Let t be f(-12). Calculate d(t).
51
Let s(n) = n**3 - 11*n**2 + 6*n + 42. Let l be s(10). Let z be ((-6)/(-5))/(2/5). Let m(b) = b**3 - 4 + z - 2 + 2*b - 3*b**2. What is m(l)?
-3
Suppose 4*j - 16 - 40 = -5*b, -20 = -5*b. Let u(x) = -x**3 + 8*x**2 + 7*x + 1. Give u(j).
-17
Let k(r) be the first derivative of 5*r**4/4 - 2*r**3/3 + r**2 - r - 386. Give k(1).
4
Let c(j) = 4*j + 2 - 1 - 4 + 0*j**3 - j**3 + 6*j**2 - 12*j**2. Give c(-4).
-51
Let g(p) = p + 5. Let w = -78 + 98. Suppose -x - x + 20 = 5*n, w = 5*n. Determine g(x).
5
Let x be 294/72*2 + -8. Let r(m) be the second derivative of 0 + x*m**4 + 0*m**2 - 1/20*m**5 + 1/6*m**3 - 13*m. What is r(2)?
2
Let v(q) = 5*q**2 - 11*q - 18. Let l(y) be the third derivative of -y**5/30 + y**4/4 + 3*y**3/2 + 10*y**2. Let m(f) = -7*l(f) - 3*v(f). Determine m(-6).
9
Let d(u) = -2*u + u + 0*u - 11. Suppose -19*w + 20*w - 6 = 0. Let a be 3/(3 - w) + 1. Calculate d(a).
-11
Let o(c) = 2*c + 1. Let k(l) = 8*l + 1. Let s(z) = -2*k(z) + 6*o(z). What is s(10)?
-36
Let b be 46/8 + (-9)/12. Suppose -b*h = -0*h - 120. Suppose 0 = -3*t + 9, 4*q - t + h = 1. Let o(r) = r**2 + 7*r - 1. What is o(q)?
-11
Let k = -4 - -7. Let d = -2 + k. Let a(n) = -n**2 + 2*n + 1. Let p(w) = -8*w - 3. Let i(v) = -4*a(v) - p(v). Determine i(d).
3
Let k(b) = 15*b - 1. Suppose -2*t - 2*p + 6 = 0, 12 = -4*t + 5*p - p. Suppose 2*f - f - 3*g + 2 = t, -3*f + 2 = -g